{"id":27,"date":"2018-05-09T13:27:42","date_gmt":"2018-05-09T11:27:42","guid":{"rendered":"https:\/\/www.deingleichgewicht.com\/?page_id=27"},"modified":"2020-10-06T19:13:25","modified_gmt":"2020-10-06T17:13:25","slug":"shiatsu-in-der-schwangerschaft","status":"publish","type":"page","link":"https:\/\/deingleichgewicht.com\/index.php\/shiatsu\/shiatsu-in-der-schwangerschaft\/","title":{"rendered":"Shiatsu in der Schwangerschaft"},"content":{"rendered":"<div class=\"wpb-content-wrapper\"><p>[vc_row][vc_column][vc_custom_heading text=&#8220;Shiatsu in der Schwangerschaft &#8211; geht das \u00fcberhaupt?&#8220; use_theme_fonts=&#8220;yes&#8220;][vc_column_text]Shiatsu ist der ideale Wegbegleiter f\u00fcr dich in deiner Schwangerschaft. Ganz egal ob es dein erstes Kind ist, oder du die ein oder andere Schwierigkeit in der Schwangerschaft hast, Shiatsu ist f\u00fcr jeden geeignet.<\/p>\n<p>Die sanfte Behandlungsmethode reduziert vor allem Stress und entspannt dich.<\/p>\n<p>Aufgrund meiner Erfahrung und Sonderausbildung im Bereich Shiatsu und Schwangerschaft\u00a0 befindest du dich in kompetenten und sicheren H\u00e4nden.<\/p>\n<p>Durch das spezielle Bodycushion \u00ae\u00a0 Lagerungssystem ist es f\u00fcr einige Frauen durchaus bis ins 9. Monat hinein m\u00f6glich einen Teil der Behandlung auf dem Bauch liegend zu genie\u00dfen.<\/p>\n<p>Shiatsu kann dich unterst\u00fctzen bei: \u2013\u00a0 \u00dcbelkeit und Erbrechen \u2013\u00a0 R\u00fcckenbeschwerden \u2013\u00a0 Verspannungen \u2013\u00a0 Verdauungsproblemen \u2013\u00a0 \u00c4ngsten und Gef\u00fchlsschwankungen \u2013\u00a0 Lage\u00e4nderung und Drehung des Kindes \u2013\u00a0 Energielosigkeit \u2013\u00a0 geschwollene Extremit\u00e4ten<\/p>\n<p>Einige Zusatzversicherungen erstatten einen Teil der Kosten.<\/p>\n<p>[\/vc_column_text][vc_empty_space height=&#8220;64px&#8220;][\/vc_column][\/vc_row][vc_row][vc_column width=&#8220;1\/3&#8243;][vc_single_image image=&#8220;1263&#8243; img_size=&#8220;large&#8220; alignment=&#8220;center&#8220;][\/vc_column][vc_column width=&#8220;1\/3&#8243;][vc_single_image image=&#8220;1259&#8243; img_size=&#8220;large&#8220; alignment=&#8220;center&#8220;][vc_empty_space height=&#8220;64px&#8220;][\/vc_column][vc_column width=&#8220;1\/3&#8243;][vc_single_image image=&#8220;1261&#8243; img_size=&#8220;large&#8220; alignment=&#8220;center&#8220;][\/vc_column][\/vc_row]<\/p>\n<\/div>","protected":false},"excerpt":{"rendered":"<p>[vc_row][vc_column][vc_custom_heading text=&#8220;Shiatsu in der Schwangerschaft &#8211; geht das \u00fcberhaupt?&#8220; use_theme_fonts=&#8220;yes&#8220;][vc_column_text]Shiatsu ist der ideale Wegbegleiter f\u00fcr dich in deiner Schwangerschaft. Ganz egal ob es dein erstes Kind ist, oder du die ein oder andere Schwierigkeit in der Schwangerschaft hast, Shiatsu ist [&hellip;]<\/p>\n","protected":false},"author":1,"featured_media":0,"parent":5,"menu_order":0,"comment_status":"closed","ping_status":"closed","template":"","meta":{"footnotes":""},"class_list":["post-27","page","type-page","status-publish","hentry"],"_links":{"self":[{"href":"https:\/\/deingleichgewicht.com\/index.php\/wp-json\/wp\/v2\/pages\/27","targetHints":{"allow":["GET"]}}],"collection":[{"href":"https:\/\/deingleichgewicht.com\/index.php\/wp-json\/wp\/v2\/pages"}],"about":[{"href":"https:\/\/deingleichgewicht.com\/index.php\/wp-json\/wp\/v2\/types\/page"}],"author":[{"embeddable":true,"href":"https:\/\/deingleichgewicht.com\/index.php\/wp-json\/wp\/v2\/users\/1"}],"replies":[{"embeddable":true,"href":"https:\/\/deingleichgewicht.com\/index.php\/wp-json\/wp\/v2\/comments?post=27"}],"version-history":[{"count":18,"href":"https:\/\/deingleichgewicht.com\/index.php\/wp-json\/wp\/v2\/pages\/27\/revisions"}],"predecessor-version":[{"id":1270,"href":"https:\/\/deingleichgewicht.com\/index.php\/wp-json\/wp\/v2\/pages\/27\/revisions\/1270"}],"up":[{"embeddable":true,"href":"https:\/\/deingleichgewicht.com\/index.php\/wp-json\/wp\/v2\/pages\/5"}],"wp:attachment":[{"href":"https:\/\/deingleichgewicht.com\/index.php\/wp-json\/wp\/v2\/media?parent=27"}],"curies":[{"name":"wp","href":"https:\/\/api.w.org\/{rel}","templated":true}]}}