{"id":84,"date":"2018-05-09T14:38:42","date_gmt":"2018-05-09T12:38:42","guid":{"rendered":"https:\/\/www.deingleichgewicht.com\/?page_id=84"},"modified":"2022-04-27T12:02:13","modified_gmt":"2022-04-27T10:02:13","slug":"gutscheine","status":"publish","type":"page","link":"https:\/\/deingleichgewicht.com\/index.php\/gutscheine\/","title":{"rendered":"Gutscheine"},"content":{"rendered":"<div class=\"wpb-content-wrapper\"><p>[vc_row][vc_column][vc_custom_heading text=&#8220;Ein Gutschein &#8211; das beste Geschenk, das man machen kann!&#8220; font_container=&#8220;tag:h2|text_align:left|color:%23d6b981&#8243; use_theme_fonts=&#8220;yes&#8220;][vc_column_text]Du m\u00f6chtest gerne einen Gutschein verschenken? Kein Problem![\/vc_column_text][\/vc_column][\/vc_row][vc_row][vc_column width=&#8220;1\/2&#8243;][vc_column_text]<\/p>\n<h5>Pers\u00f6nlich in der Praxis<\/h5>\n<p>Wenn du gerne pers\u00f6nlich in meine Praxis kommen m\u00f6chtest, bitte ich dich, daf\u00fcr einen Termin zu vereinbaren. Dazu kannst mich anrufen oder mir eine Nachricht per Mail\/SMS\/WhatsApp senden.[\/vc_column_text][vc_column_text]<strong>Bitte vereinbare dazu einen Abholtermin!\u00a0<\/strong>[\/vc_column_text][\/vc_column][vc_column width=&#8220;1\/2&#8243;][vc_column_text]<\/p>\n<h5>Gutschein per Mail zum selberdrucken<\/h5>\n<p>Wenn es dir lieber ist, versende ich auch gerne einen Gutschein per Post oder einen Gutschein zum selber ausdrucken per Mail. Kontaktiere mich dazu einfach per Mail\/SMS\/WhatsApp etc.[\/vc_column_text][vc_empty_space]<div class=\"mkdf-iwt clearfix  mkdf-iwt-icon-left mkdf-iwt-icon-medium\">\n\t<div class=\"mkdf-iwt-icon\">\n\t\t\t\t\t<a itemprop=\"url\" href=\"mailto:%20bianca@deingleichgewicht.com\" target=\"_self\">\n\t\t    <span class=\"mkdf-icon-shortcode mkdf-normal   mkdf-icon-medium\"  >\n        <i class=\"mkdf-icon-font-awesome fa fa-envelope mkdf-icon-element\" style=\"\" ><\/i>    <\/span>\n\t\t\t<\/a>\n\t\t\t<\/div>\n\t<div class=\"mkdf-iwt-content\" >\n\t\t\t\t\t<h5 class=\"mkdf-iwt-title\" >\n\t\t\t\t\t\t\t\t\t<a itemprop=\"url\" href=\"mailto:%20bianca@deingleichgewicht.com\" target=\"_self\">\n\t\t\t\t\t\t\t\t<span class=\"mkdf-iwt-title-text\">E-Mail<\/span>\n\t\t\t\t\t\t\t\t\t<\/a>\n\t\t\t\t\t\t\t<\/h5>\n\t\t\t\t\t\t\t<p class=\"mkdf-iwt-text\" style=\"margin-top: 5px\">bianca@deingleichgewicht.com<\/p>\n\t\t\t<\/div>\n<\/div>[vc_empty_space][\/vc_column][\/vc_row][vc_row][vc_column][vc_empty_space height=&#8220;40px&#8220;][vc_row_inner css=&#8220;.vc_custom_1601979510876{background-image: url(http:\/\/deingleichgewicht.com\/wp-content\/uploads\/2020\/10\/Shiatsu4.jpg?id=1232) !important;}&#8220;][vc_column_inner width=&#8220;1\/4&#8243;][vc_empty_space height=&#8220;40px&#8220;][vc_custom_heading text=&#8220;Wenn man nicht aufh\u00f6ren will. die Menschen zu lieben, darf man nicht aufh\u00f6ren, ihnen Gutes zu tun.<\/p>\n<p>Marie von Ebner Eschenbach&#8220; font_container=&#8220;tag:div|font_size:26pt|text_align:center|color:%23ffffff|line_height:25pt&#8220; google_fonts=&#8220;font_family:Architects%20Daughter%3Aregular|font_style:400%20regular%3A400%3Anormal&#8220;][vc_empty_space height=&#8220;40px&#8220;][\/vc_column_inner][vc_column_inner width=&#8220;1\/4&#8243;][\/vc_column_inner][vc_column_inner width=&#8220;1\/4&#8243;][\/vc_column_inner][vc_column_inner width=&#8220;1\/4&#8243;][\/vc_column_inner][\/vc_row_inner][\/vc_column][\/vc_row][vc_row][vc_column][vc_empty_space height=&#8220;64px&#8220;][\/vc_column][\/vc_row][vc_row][vc_column][vc_column_text]<strong>Auszug aus den AGB &#8211; Punkt Gutscheine:<\/strong><\/p>\n<h2><strong>6. GUTSCHEINE<\/strong><\/h2>\n<p>6.1 Allgemein<br \/>\nGutscheine k\u00f6nnen a) nach Vereinbarung direkt in der Praxis bezogen werden, b) per Post versendet werden, c) per Email empfangen werden oder d) \u00fcber Eversports gekauft werden.<\/p>\n<p>Gutscheine sind nicht in bar abl\u00f6sbar.<\/p>\n<p>Das kopieren und duplizieren von Gutscheinen in jeglicher Form ist untersagt.<\/p>\n<p>6.1.a. direkte Abholung von Gutscheinen<br \/>\nGutscheine die direkt in der Praxis abgeholt werden, sind bei Abholung direkt zu bezahlen und sind sofort g\u00fcltig.<\/p>\n<p>6.1.b. Versendung von Gutscheinen per Post<\/p>\n<p>Gutscheine die per Post versandt werden, erhalten Ihre G\u00fcltigkeit erst nach eingelangter Zahlung. Die Zahlung muss eindeutig durch Angabe der richtigen Rechnungsnummer zum Gutschein zuordenbar und vollst\u00e4ndig sein.<br \/>\nDie Versendung der Gutscheine erfolgt an die vom Kunden angegebene Adresse. Der Kaufvertrag wird mit dem Versand wirksam. Shiatsu \u2013 Finde dein Gleichgewicht \u00fcbernimmt keine Haftung f\u00fcr z.B. zu sp\u00e4t zugestellt Gutscheine und dadurch entstandene Sch\u00e4den.<br \/>\nDie Kosten f\u00fcr den Versand sind vom K\u00e4ufer zu tragen.<br \/>\nSollte ein Gutschein nicht nach 5 Werktagen nach der Best\u00e4tigung des Versandes beim K\u00e4ufer eingelangt sein, ist dies umgehend an Shiatsu- Finde dein Gleichgewicht zu melden.<\/p>\n<p>6.1.c. Versendung per Email<\/p>\n<p>Gutscheine die per Email versandt werden erhalten ihre G\u00fcltigkeit erst nach eingelangter Zahlung. Die Zahlung muss eindeutig durch Angabe der richtigen Rechnungsnummer zum Gutschein zuordenbar und vollst\u00e4ndig sein.<br \/>\nDie Versendung der Gutscheine erfolgt an die vom Kunden angegebene Emailadresse. Der Kaufvertrag wird mit dem Versand wirksam.<\/p>\n<p>6.1.d. Gutscheinkauf \u00fcber Eversports<\/p>\n<p>Die g\u00fclten AGB von Eversports sind zu beachten. Der gekaufte Gutschein wird direkt \u00fcber die Eversports App bezahlt und abgerechnet. Der Gutschein erlangt erst nach eingelangter Zahlung seine G\u00fcltigkeit.<\/p>\n<p>6.2 Einl\u00f6sung<\/p>\n<p>Es k\u00f6nnen nur g\u00fcltige Gutscheine eingel\u00f6st werden. Ein Gutschein erlangt seine G\u00fcltigkeit nur durch get\u00e4tigte Zahlung.<\/p>\n<p>Zum vereinbarten Termin muss der Gutschein mitgebracht werden. Entweder im Original (bei Direktkauf oder Postversand) oder in ausgedruckter Form bei Emailversand oder dem Kauf \u00fcber Eversports. Der Gutschein wird dann vor Ort entwertet.<\/p>\n<p>Bitte beachten Sie, dass die Gutscheinnummer immer gut lesbar ist. Der Gutschein wird dann anhand der Gutscheinnummer entwertet.<\/p>\n<p>Jeder Gutschein ist nur einmal g\u00fcltig.<\/p>\n<p>Das Kopieren oder Duplizieren eines Gutscheins ist verboten. Bitte achten Sie vor allem bei einem durch Email versandten Gutschein und \u00fcber Eversports gekauften Gutschein auf diesen Umstand. Beachten Sie, dass Gutscheine nicht in die falschen H\u00e4nde geraten und es dadurch nicht zu einem Missbrauch kommen kann.<\/p>\n<p>Gutscheine k\u00f6nnen ab der Ausstellung innerhalb von 2 Jahren eingel\u00f6st werden.<\/p>\n<p>6.4 Sonstiges<\/p>\n<p>Sollte es zwischen Kauf und Einl\u00f6sung eines Gutscheines eine Preiserh\u00f6hung geben beh\u00e4lt sich Shiatsu- Finde dein Gleichgewicht vor, die Differenz von der einl\u00f6senden Person nach zu fordern.<\/p>\n<p>[\/vc_column_text][\/vc_column][\/vc_row]<\/p>\n<\/div>","protected":false},"excerpt":{"rendered":"<p>[vc_row][vc_column][vc_custom_heading text=&#8220;Ein Gutschein &#8211; das beste Geschenk, das man machen kann!&#8220; font_container=&#8220;tag:h2|text_align:left|color:%23d6b981&#8243; use_theme_fonts=&#8220;yes&#8220;][vc_column_text]Du m\u00f6chtest gerne einen Gutschein verschenken? Kein Problem![\/vc_column_text][\/vc_column][\/vc_row][vc_row][vc_column width=&#8220;1\/2&#8243;][vc_column_text] Pers\u00f6nlich in der Praxis Wenn du gerne pers\u00f6nlich in meine Praxis kommen m\u00f6chtest, bitte ich dich, daf\u00fcr einen Termin [&hellip;]<\/p>\n","protected":false},"author":1,"featured_media":219,"parent":0,"menu_order":0,"comment_status":"closed","ping_status":"closed","template":"","meta":{"footnotes":""},"class_list":["post-84","page","type-page","status-publish","has-post-thumbnail","hentry"],"_links":{"self":[{"href":"https:\/\/deingleichgewicht.com\/index.php\/wp-json\/wp\/v2\/pages\/84","targetHints":{"allow":["GET"]}}],"collection":[{"href":"https:\/\/deingleichgewicht.com\/index.php\/wp-json\/wp\/v2\/pages"}],"about":[{"href":"https:\/\/deingleichgewicht.com\/index.php\/wp-json\/wp\/v2\/types\/page"}],"author":[{"embeddable":true,"href":"https:\/\/deingleichgewicht.com\/index.php\/wp-json\/wp\/v2\/users\/1"}],"replies":[{"embeddable":true,"href":"https:\/\/deingleichgewicht.com\/index.php\/wp-json\/wp\/v2\/comments?post=84"}],"version-history":[{"count":62,"href":"https:\/\/deingleichgewicht.com\/index.php\/wp-json\/wp\/v2\/pages\/84\/revisions"}],"predecessor-version":[{"id":1925,"href":"https:\/\/deingleichgewicht.com\/index.php\/wp-json\/wp\/v2\/pages\/84\/revisions\/1925"}],"wp:featuredmedia":[{"embeddable":true,"href":"https:\/\/deingleichgewicht.com\/index.php\/wp-json\/wp\/v2\/media\/219"}],"wp:attachment":[{"href":"https:\/\/deingleichgewicht.com\/index.php\/wp-json\/wp\/v2\/media?parent=84"}],"curies":[{"name":"wp","href":"https:\/\/api.w.org\/{rel}","templated":true}]}}